i - 1012 = 5*i. Let l = g - 239. What are the prime factors of l?
3, 89
Let r = 45657 - 29844. List the prime factors of r.
3, 7, 251
Suppose -4*n + 90 = 2*z - 0*n, -5*z + n + 236 = 0. Let l = z - -110. What are the prime factors of l?
157
Let a = -43 - -41. Let x be (-3)/a*(-40)/(-20). Suppose 4*o + l - 332 = x*l, 69 = o - 4*l. What are the prime factors of o?
5, 17
Let b = 6309 + 4750. List the prime factors of b.
11059
Let k(h) = 8*h**2 - 12*h - 22. Let r(q) = -5*q**2 + 8*q + 15. Let m(o) = 5*k(o) + 7*r(o). Let z be 1 + (0 - -2 - -2). What are the prime factors of m(z)?
2, 5
Let f(b) = b**3 - 8*b + 12. Let w be 17/((-1)/((-3)/(-6)*-2)). Let p = 22 - w. What are the prime factors of f(p)?
97
Let s(d) = -130*d - 1. Let j(u) = -521*u - 3. Let b(k) = -2*j(k) + 9*s(k). Let v be b(-3). Let f = 641 - v. What are the prime factors of f?
2, 5, 13
Let p(a) = -4*a**2 + 56*a + 3. Let q be p(11). Let g = q - -102. List the prime factors of g.
3, 79
Let n = 9937 - 5396. What are the prime factors of n?
19, 239
Let o = -27 + 5. Let y be 1756/(-22) + 4/o. List the prime factors of (7/(-2))/(8/y).
5, 7
Suppose -4*x = -f - 197497, -2*f = -5*x + 23383 + 223492. List the prime factors of x.
97, 509
Suppose 3*m + 137 = 2*v, -5*m = -2*v + 6 + 133. Let s = 11 + v. What are the prime factors of s?
2, 3, 13
Suppose 2*u + 39151 = 5*m - 41527, 5*m - 80682 = -2*u. List the prime factors of m.
2, 2017
Let x = 121 + 57. Let b be (1 - x/(-10))/(7/140). Suppose -b = -d - 7*d. What are the prime factors of d?
47
Let d(r) = -r**2 - 32*r + 46. Let u be (-2 - -1) + (-18)/1. What are the prime factors of d(u)?
293
Let j(p) = 400*p + 3031. List the prime factors of j(29).
3, 4877
Let q(u) = 101*u**2 + u + 1. Let b be q(-1). Suppose -22*c + 12*c = 980. Let j = b + c. What are the prime factors of j?
3
Suppose 9 - 4 = 5*n. Let j be (-605)/20 - 6/8. Let g = n - j. What are the prime factors of g?
2
Let d(h) = 20*h + 25. Let o be d(-1). What are the prime factors of o/1 - 4 - -205?
2, 103
Let h = 73 + -80. Let s(v) = -26*v - 9. Let r(m) = 13*m + 5. Let i(f) = 5*r(f) + 3*s(f). List the prime factors of i(h).
89
Suppose 13*o + 20015 = -35*o + 336239. What are the prime factors of o?
2, 3, 61
Let y be (15064/(-8))/(-1 - 0). Suppose 21*b = 14*b + y. What are the prime factors of b?
269
Let q(k) = 11*k + 14*k**2 - 17 - 3 + 12 - 12. What are the prime factors of q(5)?
5, 7, 11
Let q(a) = -a**3 + 5*a**2 - a + 6. Let j be q(5). Let v be -6 + -5 + 7 - (-2 - -1). List the prime factors of j - -192 - (3 + v - 3).
2, 7
Suppose -3*h + 829 = p, 3*p - 4*p = -5*h + 1379. Suppose 3*t - 39 = 5*s - 384, -h = -4*s + 4*t. What are the prime factors of s?
3, 23
Suppose -11*h = -7*h - 12. Suppose -6*l + h = -3*l. What are the prime factors of l - (-27)/(-33) - (-2040)/33?
2, 31
Let y = 125 + -122. Let x(v) = -3 + 2*v**3 - v + 3*v**2 + 2*v**2 - v**2 - 2*v. What are the prime factors of x(y)?
2, 3, 13
Let j(y) = 7251*y - 343. List the prime factors of j(1).
2, 11, 157
Suppose -3276 = -9*x - 17*x. Let h = 376 + x. What are the prime factors of h?
2, 251
Let v = 10 - 8. Suppose 0 = 2*c + 3*j - 6, -5 - 1 = -2*c - v*j. Suppose -4*f + 3*m + 496 + 193 = 0, -c*f = 4*m - 523. List the prime factors of f.
173
Let q = 82 + -80. Suppose -q*b = 2*c - 1135 - 89, 20 = 4*b. List the prime factors of c.
607
Let v = -5560 + 35695. Suppose -42*t + v = -27*t. List the prime factors of t.
7, 41
Let j = 9392 + -2161. List the prime factors of j.
7, 1033
Suppose -4*q + 11*o = 6*o + 11, -4*o - 4 = 0. Let z(m) = -17*m**3 - 5*m**2 - 4*m - 2. List the prime factors of z(q).
2, 7, 73
Let w be 2397 + (-3 - -6 - (5 + -5)). Suppose 17*k - w = 5*k. List the prime factors of k.
2, 5
Suppose -5*j + 8 = -4*g - 137, -2*j = 5*g + 206. Let t = g + 44. Suppose -5*l + 713 = t*r - 3*r, -5*l + 711 = 2*r. What are the prime factors of l?
11, 13
Let w(u) = -9*u - 57 - 20 - 10 + 17. List the prime factors of w(-24).
2, 73
List the prime factors of 20*(-10)/20*1*(-82332)/30.
2, 3, 2287
Let l(d) = d**3 + 8*d**2 - 9*d - 18. Let o be l(-8). What are the prime factors of (-2545)/(-9) - (-12)/o?
283
Let d = 9 + -2. Let m(x) = 6*x**2 + 9*x**2 + 0*x + 3 + x + 10*x**2 - 24*x**2. List the prime factors of m(d).
59
List the prime factors of (-4)/(3 - 19) + 1/((-4)/(-49051)).
12263
Let a = 194 - 180. Suppose -14079 - 985 = -a*r. List the prime factors of r.
2, 269
Let y(o) = -o**2 + 6*o - 5. Let r be y(2). Suppose 0*s - 25 = -5*s + r*m, -s - m = -13. List the prime factors of (8/6*-1)/(s/(-1212)).
2, 101
Let v be 5 - (27 - 3)/4. List the prime factors of ((-76)/(-114))/(v/(-687)).
2, 229
What are the prime factors of (-944)/(((-25)/(-4))/(-25))?
2, 59
Let g be 11448/10 + 234/195. Let p = -596 + g. List the prime factors of p.
2, 5, 11
What are the prime factors of (-73666)/3*((-570)/532 + 3/(-7))?
36833
Let b = -1191 + 1195. Let h be 6 + 1/(-3 + 2). Suppose -3*v = 5*m - 2*m - 297, -h*m - b*v = -498. List the prime factors of m.
2, 3, 17
Let m be ((-15)/6)/5 + (-10)/4. Let l be (-2)/4*m/(-6)*12. List the prime factors of 67 - (l - 4/(-2))*0.
67
Let x = -2197 - -8591. List the prime factors of x.
2, 23, 139
Let x(p) = 33*p**3 - p**2 - 4*p + 4. Let m be x(1). Let u be (0 + (-15)/(-12))/(8/m). Suppose -13*o + u*o + 656 = 0. What are the prime factors of o?
2, 41
Let u be (-681*(-4)/6)/1. Suppose 2*r = -2*t + u, 2*t = -t - 4*r + 685. List the prime factors of t.
223
Let n be (-1)/((2 + -3)/4). Suppose i + h = 33, n*i = 2*h + 209 - 65. Let g = 63 + i. List the prime factors of g.
2, 7
Let j = 435 - -2760. List the prime factors of j.
3, 5, 71
Suppose 142 = -2*c - x, -6*x - 208 = 3*c - 2*x. Let b = 131 + c. List the prime factors of b.
59
Suppose 15 = 3*q - 3*h, -2*q - 19 = 5*h - 1. Let t(l) = 628*l**3 + l**2 - 2. What are the prime factors of t(q)?
3, 11, 19
Let r = 2030 - 1123. Suppose -3*z + 1200 = 4*x - 7*z, 3*x + 4*z = r. What are the prime factors of x?
7, 43
Let z(g) = 1258*g + 1. Let y be z(1). Suppose -5*r + y = -16. List the prime factors of r.
3, 5, 17
Let m = 145 - 1. Let q = 266 - m. List the prime factors of q.
2, 61
Suppose 2*a = -a + r + 3727, 3731 = 3*a - 5*r. Let k = a + -607. What are the prime factors of k?
5, 127
Suppose -240 = -9*d - 15. Let g = 326 - d. What are the prime factors of g?
7, 43
Let o be (-78)/(-24)*(-3 + 7). What are the prime factors of 171 + (o - 7 - 3)?
2, 3, 29
Let m = -3 - -2. Let a(s) be the third derivative of -19*s**6/120 + s**5/60 + s**3/6 - 164*s**2. List the prime factors of a(m).
3, 7
Suppose -10*h + 9 + 11 = 0. Suppose -3*k = h*j - 8, -j + 6*j + 1 = 3*k. Suppose -4*q = -y - y + 24, -3*y - k*q = -68. List the prime factors of y.
2, 5
Suppose -35 - 8 = -4*v - 3*j, 0 = -v + 4*j + 6. Let t = 14 - v. Suppose t*z - 5*z = -52. What are the prime factors of z?
2, 13
Suppose -17511 = -22*a + 3809 + 4706. What are the prime factors of a?
7, 13
Let c(z) = -88*z - 278. Let m(w) = -w**2 - 26*w - 116. Let u be m(-21). List the prime factors of c(u).
2, 3, 5, 23
Let d(r) = -510*r - 3674. List the prime factors of d(-47).
2, 43, 59
Suppose 0 = -f + u - 24, 3*u - 17 + 65 = -3*f. Let n be -1 - f/9 - (-10)/(-45). List the prime factors of (n*2)/((-2045)/410 + 5).
2, 41
Suppose 28*x - 26*x - 4 = 0. Suppose -4*o = -o - 24. Suppose o = x*l + 2. What are the prime factors of l?
3
What are the prime factors of (-8)/16*(8 + -20832)?
2, 19, 137
Let p be ((-751)/(-3))/(-5*(-4)/60). Suppose -p = -2*q - 5*c, 5*q - 2*c - 1836 + 2 = 0. What are the prime factors of q?
2, 23
Let n(d) = -9*d**3 + 6*d**2 + 5*d - 11. Let j(k) = k**3 - k**2 + k + 1. Let b(w) = -4*j(w) - n(w). List the prime factors of b(3).
97
Suppose 2*y - x = -480, 1206 = -5*y + 16*x - 15*x. List the prime factors of 0 + -1 - (-10)/(-4)*y.
2, 151
Suppose -3484362 + 357087 = -135*b. What are the prime factors of b?
5, 41, 113
Suppose 2*y = -2*k - 8, k - 5*k - 17 = 3*y. Suppose -b = -j - 3, 2*j + 5 = -y. Suppose -8*x + 3*x + 125 = b. List the prime factors of x.
5
Suppose 4*f + 841 - 2661 = 5820. What are the prime factors of f?
2, 5, 191
Suppose 1443327 = 207*a - 3479340. List the prime factors of a.
3, 7927
Let d(h) = -2*h**3 + 41*h**2 + 27*h + 17. Suppose -210 = -62*i + 52*i. List the prime factors of d(i).
11, 13
Let o = -893 - -7053. Suppose -o - 3668 = -14*z. List the prime fa